u. Let r(v) be the third derivative of -v**4/8 - 42*v**2 - 2*v. What is r(g)?
-3
Let k(y) = -y**2 - 2*y + 4*y + 2*y**2 + 0*y. Determine k(-2).
0
Let t(p) be the first derivative of p**6/20 - p**4/24 - p**3/6 + 3*p**2/2 + 3. Let x(h) be the second derivative of t(h). Calculate x(-1).
-6
Let r(l) = -l**3 + 4*l**2 + l + 1. Suppose -2*b = -q - 1, -3*q + 12 + 7 = 5*b. Suppose 2*j - b = 2. Determine r(j).
11
Let t(q) be the first derivative of -3*q**2/2 - 4*q + 64. What is t(3)?
-13
Let g(q) = -q - 3. Let k = 142 - 142. Determine g(k).
-3
Let u(c) = -13*c**2 + c + 1. Suppose 2*b = -b - 3. Calculate u(b).
-13
Suppose 3*f - 3*b = 6, 3*b + 0 + 4 = 5*f. Let g(y) = 3*y - 41*y - 1 - 3*y**2 + 37*y. Calculate g(f).
-3
Let d(t) = 9*t - 7. Let l be 342/(-66) + (-2)/(-11). Let j(s) = 8*s - 6. Let k(h) = l*d(h) + 6*j(h). Give k(1).
2
Let w(f) be the first derivative of -f**6/180 - f**5/30 - f**4/8 + 7*f**3/3 + 9. Let d(l) be the third derivative of w(l). Give d(-2).
-3
Let v(q) be the first derivative of q**4/4 - 7*q**3/3 + 7*q**2/2 + 7*q - 1. Calculate v(6).
13
Let j(k) be the second derivative of -k**4/12 + k**3/2 - 3*k**2 - k. Let u(x) = 4*x + 4. Let h be u(-4). Let i = 16 + h. What is j(i)?
-10
Suppose 2 = -45*s + 43*s. Let k(t) = 3*t + 1. Calculate k(s).
-2
Let y(a) = a**3 + a**2 + 8*a + 12. Let s be y(-2). Let z(k) = -k**3 - 7*k**2 + 9*k + 7. Determine z(s).
-1
Let q be 2*((-1)/2 + 3). Let l(c) be the third derivative of c**6/120 - c**5/15 - c**4/8 - c**3/2 - c**2. What is l(q)?
7
Let b(o) be the first derivative of -3*o**2 - o + 8. Calculate b(1).
-7
Suppose 3*z - 8 = 3*i + 10, -3*z = 4*i - 46. Let p = z - 6. Let q(n) = 2 + 2 - n + 1. Determine q(p).
1
Let r = 88 + -85. Let w(f) be the third derivative of 1/12*f**5 + 1/120*f**6 - 4*f**2 + 0*f + 0 - 3/2*f**r - 7/24*f**4. Calculate w(-6).
-3
Let w(n) = 2*n**3 + 6*n**2 - 8*n + 7. Let l(v) = v**3 - v + 1. Suppose -j = 3 - 6. Let t(k) = j*l(k) - w(k). Calculate t(5).
-4
Let j(a) = -a**3 + 7*a**2. Let o be j(7). Let x(w) = 2 + 22*w - 17*w + o + w**2. Calculate x(-6).
8
Let n(g) be the first derivative of g**3/3 + 5*g**2/2 - 6*g + 22. Suppose -4*l = -v + 4, 2*v = 4*l - 0*l + 8. Suppose -t = -l*t + 6. Give n(t).
0
Let g = -4 - -7. Let h(a) = 7*a + 3 - 2 - g + 3. Calculate h(1).
8
Let l(m) = -16*m**2 - 2*m. Let c(b) = -32*b**2 - 3*b. Let q(f) = -3*c(f) + 5*l(f). Determine q(1).
15
Let j(g) = -g**3 - 4*g**2 + 6*g + 7. Suppose 6*p - 8 = 2*p. Suppose p*l = 5*n - 14, 0 = -l - 0*n - 3*n - 7. Let m be (2 + l)*1 - 0. What is j(m)?
2
Let w be (-60)/(-5)*5/10. Let p(l) = -l**2 + 6*l + 6. What is p(w)?
6
Let o be (-2 - -4)*(-12)/(-3). Let f(s) = s - 1. Give f(o).
7
Let w(h) = -4*h**3 + 4*h + 2 - 53*h**2 + 57*h**2 + 3*h**3. Give w(-2).
18
Suppose -3*l + 4*g = 2*l + 3, l + g - 3 = 0. Let c(d) = -12*d**2 - d + 1. Calculate c(l).
-12
Let m = 2 - 0. Let b be 13/4 + (-2)/8. Let a(v) = 0*v**b - 2 + v**3 + 3*v - 2*v**3 + v**2. Calculate a(m).
0
Let q(s) = -s**2 - 2*s - 5. Let w = 16 - 21. Calculate q(w).
-20
Let r(v) = v**3 - v**2 + 1. Let u be r(1). Let y(m) = m + 5. Let x(j) = 1. Let z(s) = u*y(s) - 3*x(s). Calculate z(-3).
-1
Let j(l) = -l**2 + 2*l - 1. Suppose -7*m = 7 - 35. What is j(m)?
-9
Let s(z) = -z**3 + 4*z**2 - z - 4. Let w be s(3). Suppose n = -1 - w. Let x(l) = -l**3 - 2*l**2 + 3*l - 2. Determine x(n).
-2
Let t(y) = y + 1 + 7 - 2. Let p(w) = -w**3 + w**2 - w. Let a be p(0). Give t(a).
6
Suppose 0*j - j = -2. Let a(o) be the third derivative of o**5/60 + o**4/24 + o**3/3 + o**2. Let t(i) be the first derivative of a(i). What is t(j)?
5
Suppose 0 = -6*f + f + 10. Let q(a) = -a + a**f + 0*a**2 + 4*a**2. Calculate q(-1).
6
Let t = -1 + 3. Let x(h) = 3 - 2*h**2 - h**2 + h**t + h**2. What is x(0)?
3
Let t(i) = -2*i**3 - 4*i**2 - 4*i - 2. Suppose -6 = -4*d + 6. Let m be (d/2)/((-6)/8). What is t(m)?
6
Let i = 0 - -7. Let r(k) = -7 + 8 - k + i + 0*k. Give r(4).
4
Let c(h) = h**3 + 9*h**2 + 10*h + 17. Let z be c(-8). Let k(q) = -2 - z + 4 - 9*q**3 + 8*q**3. What is k(-1)?
2
Let m(c) = 3*c - 5. Let v(b) = 10*b - 16. Suppose 0 = 3*a + 3*z - 24, 32 = 2*a + 4*z + 10. Let i = -34 + 18. Let f(x) = a*v(x) + i*m(x). Calculate f(3).
6
Suppose 0 = v - 5*w - 21, -1 - 2 = 2*v - w. Let t(g) = -g**3 - 4*g**2 + 7*g + 5. Give t(v).
-23
Let c be 26/65 - 54/10. Let s be 1/(-3) + (-13)/(-3). Let h(j) = 3 + j**2 - j**2 - j**2 - s*j. Give h(c).
-2
Suppose -5*q + 3 = 2*b, -5*b + 3 - 18 = 5*q. Let p(d) be the third derivative of -d**6/120 - d**5/12 + d**4/6 - d**3/6 + 5*d**2. Calculate p(b).
11
Let o(i) = -2*i. Let b(j) = 4 - 2*j + j + 0*j + 3*j. Let g be b(-6). Let t(n) = n + 10. Let k be t(g). Give o(k).
-4
Let k(w) = 2*w + 9 - 6 - 4*w**2 + 6*w + 3*w**2. Give k(7).
10
Let h(n) = -7*n**2 + 18*n - 15. Let m(z) = z**2 - z. Let f(s) = h(s) + 6*m(s). Give f(10).
5
Let z(j) = -5*j**3 + 10*j**2 + 7*j + 3. Let l(q) = 2*q**3 - 5*q**2 - 3*q - 1. Let t(p) = 7*l(p) + 3*z(p). Determine t(-2).
-10
Let v(a) = -7 + 3*a**2 - 6*a + 0*a + a. Let h(b) = -b**2 + 1. Let y(g) = -5*h(g) - v(g). Suppose -2*d = 7 - 1. Give y(d).
5
Suppose -4*c = -2*c - 4. Let a(k) = -2 + 4*k - 3*k + 1 + 3*k**2 - 2*k**c. Give a(-2).
1
Let h(b) = 5*b**2 + 3. Let z(j) = -j**2 + j. Let r(w) = h(w) + 4*z(w). Calculate r(-6).
15
Suppose 2*w + 0*w = 10, 3*w = -5*x + 35. Let c(y) = y**3 - 5*y**2 + 6*y - 1. Determine c(x).
7
Let k = 4 - -5. Let v = -4 + k. Suppose 18 = g + 4*g - c, -27 = -4*g + v*c. Let r(w) = -w**3 + 3*w**2 - 3*w + 3. Determine r(g).
-6
Let p(z) = z - 7. Suppose -2*j + 0*j + 12 = 0. Let h = j - -1. Let f = h + -3. Determine p(f).
-3
Suppose 0 = -2*w - 0*w + 4. Let y(h) be the second derivative of 2*h**3/3 + h**2 + 3*h. Calculate y(w).
10
Let b(a) = 7*a**2 + 8*a + 10. Let g(f) = -3*f**2 - 4*f - 5. Let z(o) = 2*b(o) + 5*g(o). Let i(u) be the first derivative of z(u). Determine i(-4).
4
Let m(c) = c**2 - 5*c. Let x(o) = -o + 5. Suppose 2*l - 15 = -3*l. Let w be (-3 + l)*(-2)/6. Let v be x(w). What is m(v)?
0
Let a(f) = -2*f**3 + f + 1. Let w = -8 - 0. Let r be (-4)/3 - w/(-12). Calculate a(r).
15
Let w(m) = -m - 9. Let v(d) = -d**2 - 2. Let h be v(0). Let x be 1/5 - (-9)/5. Let o = h + x. Give w(o).
-9
Let q(z) be the second derivative of -z**4/12 - 4*z**3/3 - 7*z**2/2 - 26*z. Determine q(-7).
0
Let m(y) = -y**3 - 9*y**2 - 2. Let p be m(-9). Let c(n) = n**2 + 2*n - 1. Let u(s) = 4*s**2 + 8*s - 3. Let x(g) = p*u(g) + 9*c(g). What is x(-4)?
5
Let n(i) = -i + i - i + 0*i. Let z(o) = -8*o - 4. Let m(l) = -18*n(l) + 2*z(l). Give m(6).
4
Let j(n) = -3 + n**2 + 3 - 5*n. Let a be j(4). Let l(k) = -k**2 - 2*k + 5. Let t be l(a). Let v(z) = -z**2 - 3*z - 1. Calculate v(t).
-1
Let s(n) = -n**3 + 3*n**2 + n. Let h = -27 - -17. Suppose 0 = 2*x - 3*x + 1. Let a be x/2 + (-25)/h. What is s(a)?
3
Let w(x) be the third derivative of x**5/30 - x**4/12 - x**3/6 + 2*x**2 + 7. What is w(-2)?
11
Suppose -2*q + q = -2, 5*s - 4*q = 12. Let f(w) be the third derivative of w**5/30 - w**4/4 - 2*w**2. What is f(s)?
8
Let n(h) = -h**3 + 6*h**2 - 10*h + 3. Let m be n(4). Let s(k) = 4*k + 2 + 3 - 3*k. Determine s(m).
0
Let g = 30 - 23. Let s(q) = -q**2 + 8*q - 2. Determine s(g).
5
Let o(z) = z + 1. Let v be o(-5). Let l = v + 8. Let x(t) = 4*t**2 - 4*t + 3. Let p(q) = -q**2 - q + 1. Let w(s) = -3*p(s) - x(s). Determine w(l).
6
Let z(x) = -x**2 - x. Let r be z(2). Let j be -1 - (-3 + r/(-1)). Let l(w) = 5 - 4*w + 3*w**2 - 5*w**2 + w - 3*w**2 - w**3. What is l(j)?
1
Let n(h) be the third derivative of -h**4/4 + h**3/6 - 6*h**2. Suppose 0 = -5*z + 3*v + 2, -2*z - z + 1 = -2*v. Suppose -3*m + 2*m = z. Determine n(m).
7
Let y(p) = -20*p - 1. Suppose w + d - 3 = -d, -3 = -3*d. What is y(w)?
-21
Let m(s) = -3*s**2. Let p(r) = 3*r**2. Let d(g) = 5*m(g) + 6*p(g). Let t = 11 + -12. What is d(t)?
3
Let a(v) = -4*v**2 + 5. Let g(w) = w**3 - w**2 + 1. Let d(q) = -a(q) + 5*g(q). What is d(-1)?
-6
Let n be 24/(-6) + 1 + 2. Let r(b) be the first derivative of 2*b**3 + 1. Determine r(n).
6
Let g(i) = -i - 2. Let q be g(-6). Let y(v) = -3*v**2 + 2*v**2 - 8 + 4*v**2 - v**3 - q*v**2. Give y(0).
-8
Let u be ((-6)/9)/2*-3. Let r(l) = -l + 1. Determine r(u).
0
Let j(u) = u**3 + 5*u**2 - 7. Let x be j(-5). Let q = x + 3. Let n(y) = -2*y + 1. Let l(b) = 2*b - 2. Let w(s) = -4*l(s) - 5*n(s). Determine w(q).
-5
Let v(c) = -c**3 + 3*c*